0 - (0 + (0 - 0))) + 116 + -401 + 397.
122
Evaluate -12 - -1 - (3 + -1 - 1) - 7.
-19
235 - (189 - (-113 + 182))
115
What is (-11 - (9 + -6)) + -32 + 8 + 15?
-23
What is the value of -144 + 211 - (1 + 3) - (-7 + 2)?
68
Evaluate (-10 - (-57 + 44) - (30 - 1)) + 9.
-17
What is (-11 + 10 - (61 + -35)) + 3?
-24
Evaluate 10 + 10 + 4 + -1 + (5 - (22 + 11)).
-5
Evaluate (6 - 38) + 8 - (122 - 125).
-21
What is 25 - (101 - (9 + -18 + 28))?
-57
Calculate (-36 + -53 - 2) + 21.
-70
Calculate -7 + (11 - 84) + (1 + 6 - 4).
-77
What is -11 - 28 - 1 - 14 - 8?
-62
Calculate -1 - (20 - (-11 + (3 - -12))).
-17
What is 15 - ((-5 - (0 + 1)) + 10 - (8 - 7))?
12
What is (-6 + -31 - -12) + 65?
40
8 + (-27 - -18) + 107 + -23
83
Evaluate 46 + -18 + 4 - 4 - (-1 + 5).
24
117 + -29 + -49 + 1
40
Evaluate (-32 - (4 - 13)) + 0 + 9 + -36.
-50
What is 16 + 4 - (2087 - 2089)?
22
What is the value of (-6 - 3) + 326 + -332?
-15
What is the value of -6 + (27 - 47 - -4) + (-6 - 0) + 0?
-28
Evaluate (17 - 5 - 85) + (-1 - 1) - -10.
-65
What is -3 + (-10 - 4 - -25) + -21 - -10 - -13?
10
Evaluate 13 + 95 + (2 - (13 - (4 - (-3 - -8)))).
96
What is (-373 - -291) + 0 + 43 - -129?
90
What is 14 + -165 + 23 + (-20 - -51)?
-97
Evaluate (-15 - (-27 + 8)) + 12.
16
What is the value of -51 + (107 - (40 + 63) - (-1 - 15))?
-31
Calculate -91 + 34 + -29 + 3 + (-2 - -15).
-70
Calculate 1 + 22 + -1 + (785 - 792) + 34.
49
What is -104 - (-42 + 2 + 135 + -102)?
-97
Evaluate -2 - -5 - (41 + (26 - 10) + -26).
-28
What is (20 - (-19 + 27 - -5)) + (4 - (-2 - -4))?
9
What is the value of -101 - -54 - -86 - 24 - (81 - -1)?
-67
Evaluate (12 - (54 - -8) - 9 - -11) + 9 + 12.
-27
Evaluate (1 + -40 + 17 - -23) + 42.
43
What is the value of 27 - (52 + -58 + (-2 - -5) - (8 + -5))?
33
Calculate -72 - (9 - 14) - (-8 + -5).
-54
-149 + 8 + (17 - 17 - -32)
-109
Calculate 191 + (-473 - -233) - (-184 - -1).
134
Calculate 150 + (20 + -53 - 0) - 30.
87
Calculate 27 + -23 + -15 + 22 - (3 - 11).
19
Calculate -12 + 3 + (-101 - -89) + -14.
-35
Calculate 2 + -30 + 170 + -375 + 201.
-32
What is the value of 723 + -740 + (1 - -30)?
14
Calculate -1 - -11 - (-3 - (-82 - (-33 + 31 + -8))).
-59
-2 - (25 + -13 + -15 + -18 + (2 - 3))
20
-26 - (-41 + 14) - ((-2 - 2) + 0 + -57)
62
4 + -15 + (13 + -16 - (-58 + -2))
46
What is 169 - (4 + 165 - 76)?
76
What is -70 - (1 - 10 - (4 - 103 - -82))?
-78
Calculate 22 - (-13 + 19 + -7 - -1 - -1).
21
-613 + 727 - (1 + 39) - -35
109
Calculate -47 - (2 - 33) - (6 - 39).
17
What is the value of -2 + (9 - (17 + -11)) + (7 - (1 - -73))?
-66
What is the value of (-1 - 12) + (-185 + 190 - (-49 - -2))?
39
-407 + 414 + 0 + -84 + 2 + -22
-97
Evaluate -55 + 8 + (250 - 213).
-10
What is the value of 49 + (-74 - (-47 - 61))?
83
4 + (50 - (91 - 35))
-2
(1270 - 1264) + -96 + -6
-96
Calculate 2 + -3 + 6 - 49 - (58 - (9 - -45)).
-48
What is the value of -22 - (-12 - 2 - 107) - 19 - 25?
55
What is the value of 95 - 99 - ((62 - 62) + -3 + -77 + 1)?
75
What is 79 + -70 + -1 + -10 - 6?
-8
1 - 58 - (2040 - 2025)
-72
-11 - 0 - (-10 + -14 + 152 + -130)
-9
What is the value of -1 + (-13 - -1) + (88 - (95 + -60))?
40
What is the value of 114 - (36 - (65 - 44))?
99
What is the value of (-4 - -1) + 22 + 0 - (-1357 + 1304)?
72
What is 14 - (-19 + 21 + 45 - 27)?
-6
Calculate -71 + 68 + (20 - 44).
-27
Calculate (0 + 54 - 0) + -35 + 5 + (-370 - -404).
58
Evaluate 31 - (-8 + 75 + -78 + (20 - -1) - 8).
29
What is (8 - ((47 + 1 - (48 - 37)) + 12)) + 13?
-28
(-12 - (-10 + -11) - 26) + 79
62
Evaluate 2 + 17 + -55 + -1.
-37
What is (22 + (-5 - 8) - (10 + -1 + -1)) + 7?
8
Calculate -47 - (5 + -4 + 3) - (-34 + 18 + 4).
-39
(-16 - (-80 - -68 - (-2 + -17))) + 2
-21
What is the value of 1 - 47 - (10 + -31 + -66 + 92)?
-51
What is the value of (-3 - (17 + -26 + 9)) + (2 - -35)?
34
What is the value of -1 + 1 + 2 + 4 + 3 - (-4008 - -3995)?
22
Calculate 20 + (184 - 76 - 48).
80
What is 12 + (-12 - 3) + 10 - -29 - -9?
45
What is 13 + (13 - (-1 + (-6 - -17) - 6))?
22
What is the value of 81 + (-59 - -1) + 9?
32
What is the value of (-86 - -1) + -2524 + 2571?
-38
-1 + -4 + -32 + (-1 - 45)
-83
Evaluate -892 - -868 - (-155 - 7).
138
Evaluate (-5 + -2 - (-173 + 133)) + -8 - 19.
6
Calculate 38 + 44 + -43 - 127 - -32.
-56
What is the value of (84 + -87 - ((-3 - 7) + 1)) + 38?
44
What is (-1 - 1) + -140 + 132 - (7 + -12)?
-5
What is 19 + (11 + -60 + 8 - 9)?
-31
Evaluate (185 - 160) + (17 - 3).
39
Evaluate -4 + (2 - -2) + -99 + 2944 + -2928.
-83
What is (25 + -19 + 18 - 10) + -37?
-23
Calculate (-48 - (4 + -5 + 2)) + 72 + -239 + 175.
-41
What is 13 + 3 - (18 + 14 + (66 - 20))?
-62
Evaluate -42 + (22 + 12 - -22).
14
What is -6 + -46 + 37 + (-1 - -1) + 87?
72
Calculate 8 + 6 + 26 + -20 - 24.
-4
(2 - -4 - (-63 + 55) - (-21 + 22)) + -26
-13
What is (-775 + 771 - (-3 + (-8 - -2) - 1)) + -12?
-6
What is -1 + -19 - (-111 - -74)?
17
What is the value of (181 - 96) + -79 + 21?
27
What is (-2 - 40 - (-22 - -20)) + (35 - 38)?
-43
What is (-22 - 24 - -6) + 4?
-36
What is the value of (-2 - -23) + (-26 - 4) - 3?
-12
What is the value of (36 - -13) + -105 + 38?
-18
Evaluate (90 - 51) + 10 - 36.
13
Calculate -36 + 3 + 34 + (-1 - -23).
23
Evaluate 252 + -21 + -64 + -88.
79
7 - ((-80 - -87) + 2 + -6) - (3 - -2)
-1
Calculate -182 + (53 - 74) + 102.
-101
What is -56 - (-26 + 6 - 59)?
23
What is the value of 40 + -121 + 50 + 37?
6
What is 16 + (46 - -1) + (575 - 562)?
76
What is (-8 - (7 + (13 - 9 - 30))) + 13?
24
What is the value of -98 + 51 + -18 + (0 - -2) + (5 - 1)?
-59
(14 - (-15 - -44) - 2) + (-1 - 4)
-22
What is the value of -7 + (96 - 21 - 12) + 4?
60
Calculate 15 + (225 - 124 - 45).
71
(-4 - 44) + 7 + 1 - 0 - (36 + -37)
-39
Calculate 74 - 33 - 39 - (24 + 13).
-35
What is the value of -99 - (-31 - (-4 + 18 - 21))?
-75
What is the value of 5 + -31 + (44 - (-93 - -232))?
-121
What is 1 + 62 - (-463 + 507)?
19
-2 + (-68 - -1) + -14 + -7 + 16 + 6
-68
What is (12 - (-2 - (-16 - 13))) + 69?
54
Calculate -40 + (3 - 17 - (-40 - -18)).
-32
Calculate -1 + (-27 + 4 - -10) + -51 + -7 + 27.
-45
Evaluate -194 - (-49 + -247) - (12 + 0).
90
Calculate -32 + (60 - 44) + 43.
27
Evaluate -50 + 4 + (356 + -351 - (-1 - -6)).
-46
Calculate 86 - ((42 - 16) + -1) - 2.
59
-66 + (-82 + 49 - (1 + -36))
-64
Evaluate -14 + (-16 - -41) + -1 - (-2 + 0).
12
Evaluate 20 - -2 - (-2 + 1) - (6633 + -6646).
36
What is -35 + (2 - 12) + 3 + 18 + -15 + 2?
-37
Calculate 9 + -4 + (0 - -3 - -12) + -7.
13
20 - -42 - (133 + -1)
-70
What is the value of 83 - (8 + 1 + 1 - (-29 - -58))?
102
(29 - 24) + -8 + -8 + (45 - 4)
30
What is the value of 46 - (17 - (5 + 8 + -6))?
36
What is 13 + (-18 - -107) - (-5 + (12 - 2) + -3)?
100
What is 20 - (7 + 12) - (7 - 11)?
5
What is -397 + 231 + (118 - -23)?
-25
What is the value of 74 + -94 - (-40 - (2 - 2)) - 62?
-42
Evaluate (5078 - 5077) + (-2 - (-2 - -19)).
-18
Calculate -25 + (0 + 0 - 3) + (1273 - 1262) - -3.
-14
What is -48 - 71 - (-54 - 8)?
-57
What is -9 - -43 - (-41 - -43) - 45?
-13
-14 + -1 + 4 + 31
20
40 + (-116 - -33) + -14
-57
(-12 - 1) + 3242 + -3262
-33
What is the value of -55 - (-68 - -71) - 21?
-79
1 + -2 + -9 - (20 - (-107 + 108))
-29
What is the value of 9 + 1 + -6 + (0 - 81) - -10 - -9?
-58
What is the value of -28 - (-46 - -34) - (10 + -4 + 7)?
-29
Evaluate (-6 - 20) + 12 - -2 - -12 - (-2 + -10).
12
What is -6 + (-23 - -11) - -38?
20
(16 - -74) + (-3 + -8 - (4 - 1))
76
Evaluate -16 + (100 - 32 - 22).
30
What is 535 + -599 + (3 - -38)?
-23
What is the value of 2453 + -2336 + (-80 - 1)?
36
-4 - (10 - (-77 + (-5 - 16) + 14))
-98
Calculate 6 + -1 + (41 - 137).
-91
(110 + -16 - -2) + -125
-29
What is -71 + 114 + -46 + (-1 - -18) - (104 + -2)?
-88
What is the value of -93 + (85 - (-70 - -164))?
-102
Calculate 41 + -153 + 138 + 9.
35
Calculate 4 + (-12 - -22) - (-7 + 14 - -16).
-9
What is the value of 17 - (18 - (-42 + 23))?
-20
Calculate (-4215 - -4151) + (10 + -1 - 1).
-56
What is the value of (-3 - 3) + 7 - (5 - 12) - 31 - -10?
-13
Calculate 5 - (-5 - (6 + -64 + 13)).
-35
What is (17 - -50) + (-79 - -34) + 99?
121
Calculate (21 - 11) + 6 + -2 + 10 + -5.
19
(126 - 71) + -33 - 72
-50
What is 71 + -15 + 0 + 49?
105
Calculate 1 + -7 - (-9 - (-24 - 18) - 8).
-31
What is the value of 2 - (6 - 0) - ((65 - 56) + -94)?
81
Evaluate (-359 - -356) + -20 + 4 + 5 + -5.